2. Calculate g(16).
46
Let t(n) = -15*n**3 + n. Determine t(1).
-14
Let t(z) = -2*z + 3. Give t(0).
3
Let x(b) = b**2 + 7*b - 16. Determine x(-8).
-8
Let z(a) = -6*a + 5. What is z(-7)?
47
Let m(f) = -8*f**2 - 46*f - 8. Give m(-5).
22
Let y(d) = d**3 + 14*d**2 + 22*d + 110. Give y(-13).
-7
Let n(y) = y**3 + y**2 + y - 36. Determine n(0).
-36
Let o(i) = -i - 15. Give o(-4).
-11
Let d(u) = -u**2 + 4*u + 9. Determine d(-8).
-87
Let x(a) = -43*a + 117. Determine x(4).
-55
Let p(k) = 3*k + 29. Calculate p(-6).
11
Let t(c) = 3*c**2 + c + 2. Give t(4).
54
Let h(y) = -2*y - 56. What is h(-28)?
0
Let p(r) = r**3 + 17*r**2 + 2*r + 5. Calculate p(-17).
-29
Let j(d) = -3*d + 32. What is j(7)?
11
Let v(d) = 7*d + 18. What is v(-5)?
-17
Let a(o) = -3*o**2 - 11*o + 40. What is a(3)?
-20
Let j(v) = -7*v - 104. Determine j(-14).
-6
Let w(y) = -y**3 + 14*y**2 + 16*y - 12. What is w(15)?
3
Let o(x) = 5*x - 28. Give o(6).
2
Let y(p) = 2*p**3 - 2*p**2 + p. Determine y(2).
10
Let w(r) = r - 21. Give w(8).
-13
Let h(q) = q**2 - 2*q - 4. What is h(4)?
4
Let r(l) = -l**2 - 5*l - 9. What is r(0)?
-9
Let v(g) = -9*g - 439. Give v(-48).
-7
Let d(m) = 4*m + 6. Determine d(-3).
-6
Let g(d) = d**2 + 5. Determine g(0).
5
Let d(c) = -2*c + 28. Give d(13).
2
Let b(k) = k**3 + 6*k**2 + 9*k + 14. Determine b(-5).
-6
Let g(v) = -2*v**2 + 3*v - 1. Calculate g(-4).
-45
Let b(q) = 5*q - 73. Give b(15).
2
Let x(t) = 2*t**2 - 9*t - 2. Determine x(4).
-6
Let s(x) = x + 19. What is s(-7)?
12
Let h(l) = l**2 + 11*l + 23. Give h(-7).
-5
Let i(a) = -a - 13. Calculate i(-8).
-5
Let t(b) = b**3 - 3*b**2 - 2*b - 5. Calculate t(6).
91
Let j(c) = 7*c - 3. Calculate j(2).
11
Let d(m) = 6*m - 2. Calculate d(-6).
-38
Let y(o) = -o**3 + 4*o**2 + 6*o - 2. Determine y(5).
3
Let t(h) = -h**3 + 22*h**2 + 3*h - 44. What is t(22)?
22
Let b(y) = y**2 - 2*y + 4. Calculate b(6).
28
Let l(b) = -b**3 + 26*b**2 + 154*b + 24. Determine l(31).
-7
Let n(u) = u**3 + u**2 - u. Determine n(-1).
1
Let s(o) = -60*o**3 - 2*o**2 + o. Calculate s(1).
-61
Let f(c) = c**3 - 8*c**2 + 5*c + 10. What is f(7)?
-4
Let q(k) = -73*k**2 - k + 1. Give q(-1).
-71
Let z(l) = -l**3 - 18*l**2 - 17*l + 14. What is z(-17)?
14
Let g(f) = 23*f + 129. Calculate g(-6).
-9
Let p(v) = -2*v**3 + 6*v**2 + 9*v + 14. What is p(6)?
-148
Let j(r) = -r + 43. What is j(15)?
28
Let r(y) = -y**2 + 3*y + 1. Calculate r(5).
-9
Let a(j) = -j - 7. Calculate a(-3).
-4
Let d(q) = 2*q**3 - 27*q**2 - 15*q + 15. Determine d(14).
1
Let h(b) = -3*b**2 - 12. What is h(0)?
-12
Let i(t) = -t**2 - 3*t + 77. Give i(-8).
37
Let p(j) = -j**3 + 2*j + 4. Give p(-3).
25
Let n(h) = -h**2 - 7*h - 8. Calculate n(-1).
-2
Let w(b) = -3*b**3 - 2*b**2 + 3. Determine w(-2).
19
Let z(h) = -h**2 - 10*h + 1. What is z(-8)?
17
Let c(d) = -d + 23. Give c(22).
1
Let s(o) = o - 28. Calculate s(-31).
-59
Let j(z) = z**2 - 4*z + 1. What is j(3)?
-2
Let y(b) = 10*b + 2. Calculate y(-5).
-48
Let p(g) = g**3 - 6*g + 9. Give p(4).
49
Let w(f) = f + 31. Determine w(-20).
11
Let s(i) = -i**3 - 11*i**2 - 12*i - 16. Calculate s(-10).
4
Let a(o) = 6*o**2 - 81. Determine a(0).
-81
Let w(d) = d + 14. What is w(-20)?
-6
Let x(g) = g**3 + 9*g**2 + 31*g + 72. Give x(-6).
-6
Let p(d) = 2*d - 11. What is p(8)?
5
Let h(d) = d**3 - 10*d**2 - 10*d + 9. Determine h(11).
20
Let c(z) = -6*z**2 - z + 1. Determine c(-1).
-4
Let q(r) = 3*r - 113. Determine q(6).
-95
Let l(p) = p**3 + p**2 - p - 10. Calculate l(0).
-10
Let z(y) = -3*y + 1. Determine z(1).
-2
Let x(l) = -l**3 - 3*l + 4. Calculate x(0).
4
Let h(i) = i**2 + 14*i - 43. Determine h(3).
8
Let p(y) = y**3 - 11*y**2 + 9*y + 3. Calculate p(9).
-78
Let r(u) = 5*u + 12. Determine r(0).
12
Let n(o) = -7*o - 2. What is n(-3)?
19
Let w(i) = 2*i**2 + 12*i - 7. What is w(-7)?
7
Let j(z) = -z**2 - 2*z + 31. What is j(-6)?
7
Let h(c) = c**3 + 5*c**2 - 2*c - 6. Determine h(-3).
18
Let i(p) = -p**3 + 7*p**2 - 3*p + 2. Give i(5).
37
Let y(d) = -d**2 - 17*d - 15. Calculate y(-16).
1
Let j(i) = 10*i**3 + 1. Determine j(-1).
-9
Let h(n) = 6*n - 47. Determine h(7).
-5
Let a(j) = -j**2 + 16*j - 5. What is a(15)?
10
Let i(p) = p**2 + 12*p + 12. Determine i(-10).
-8
Let o(b) = 7*b**3 + b**2 + b - 1. Give o(-1).
-8
Let o(q) = q**2 - 10*q - 6. Determine o(10).
-6
Let j(k) = k**3 + k**2 + k. What is j(0)?
0
Let r(q) = -q**3 - q**2 + 4*q + 4. Give r(-2).
0
Let l(r) = 10*r - 9. What is l(3)?
21
Let z(c) = -c**3 - 5*c**2 - 2*c + 9. Give z(-4).
1
Let k(t) = t**2 + 22*t + 67. Calculate k(-18).
-5
Let k(f) = -27*f - 477. Calculate k(-18).
9
Let i(s) = -6*s + 52. Give i(8).
4
Let y(p) = p**2 - 8*p + 15. Give y(11).
48
Let u(x) = 3*x - 56. Determine u(22).
10
Let c(a) = a**3 + 10*a**2 - a - 9. Calculate c(-10).
1
Let i(n) = 12*n**2 - 6*n - 2. Calculate i(2).
34
Let m(a) = -2*a**2 + 23*a - 63. Determine m(9).
-18
Let j(y) = -53*y + 535. Calculate j(10).
5
Let k(q) = q**2 - 17*q + 4. Determine k(17).
4
Let u(b) = 3*b - 28. Give u(4).
-16
Let u(k) = -k**2 + 6*k - 4. Calculate u(6).
-4
Let j(n) = 2*n - 40. What is j(-21)?
-82
Let v(t) = 4*t + 38. Calculate v(-11).
-6
Let d(m) = -9*m**3 + m + 1. Give d(-1).
9
Let g(w) = -w**2 - 6*w + 6. Determine g(-4).
14
Let c(y) = -6*y - 10. What is c(-2)?
2
Let v(d) = d**2 - d - 5. Calculate v(-2).
1
Let d(v) = 2*v - 11. Calculate d(0).
-11
Let y(x) = -3*x**2 + 6. What is y(-2)?
-6
Let b(t) = -t**3 - 3*t**2 + 5*t - 1. Calculate b(-4).
-5
Let z(w) = w**3 + 4*w**2 + 4. Calculate z(-3).
13
Let x(g) = g + 2. What is x(-4)?
-2
Let d(x) = -12*x**3 - 2*x**2 - x + 2. Give d(1).
-13
Let w(k) = k**2 + 24*k - 5. Calculate w(-24).
-5
Let n(f) = f**3 - 11*f**2 + f + 1. Give n(11).
12
Let t(j) = -5*j - 210. What is t(-43)?
5
Let x(u) = -4*u**3 - 14*u**2 - 3*u + 3. Determine x(-3).
-6
Let y(g) = g**2 - 2*g - 17. Give y(0).
-17
Let w(j) = j**3 - 31*j**2 - 105*j + 107. Determine w(34).
5
Let u(k) = k**3 + 11*k**2 + 9*k + 5. Calculate u(-10).
15
Let n(q) = -7*q**3 - 6*q**2 + q - 2. Calculate n(0).
-2
Let l(r) = 2*r**2 + 15*r + 12. Determine l(-4).
-16
Let b(y) = -20*y**2 + 2*y + 2. Give b(0).
2
Let u(v) = v**2 + 3*v - 9. Give u(2).
1
Let a(y) = 4*y + 10. Calculate a(-2).
2
Let u(k) = -k**2 + 7*k - 1. Determine u(10).
-31
Let w(j) = j**3 + 2*j**2. What is w(-3)?
-9
Let b(j) = j**3 + 5*j**2 + 5*j - 1. Determine b(-3).
2
Let w(l) = 5*l + 4. Give w(-4).
-16
Let x(r) = -5*r**2 - 2*r + 1. What is x(1)?
-6
Let q(n) = n**2 - 6. What is q(3)?
3
Let l(k) = -20*k + 21. Determine l(6).
-99
Let r(t) = -6*t - 197. Give r(-34).
7
Let s(n) = 4*n - 5. Give s(2).
3
Let y(q) = -2*q**2 + 4*q + 8. Determine y(4).
-8
Let x(s) = s**3 + 9*s**2 + 12*s. What is x(-8)?
-32
Let w(f) = 5*f + 4. What is w(3)?
19
Let k(w) = 9*w**2 + w - 1. Calculate k(1).
9
Let j(o) = -o**3 - 8*o**2 + 9*o. Determine j(-9).
0
Let o(p) = 7*p**2 + p + 1. Determine o(-2).
27
Let a(s) = s**2 + s - 15. What is a(3)?
-3
Let s(k) = 21*k - 69. Give s(3).
-6
Let v(c) = -c**2 + c - 5. Determine v(6).
-35
Let x(h) = -h**3 + 4*h**2 + 14*h - 12. What is x(6)?
0
Let d(y) = -6*y - 51. What is d(-8)?
-3
Let s(r) = -r + 32. What is s(25)?
7
Let d(b) = -13*b + 156. Give d(10).
26
Let h(j) = -j**3 - j**2 - 2*j. Give h(0).
0
Let b(h) = -4*h - 167. Give b(-41).
-3
Let v(t) = -t**3 + 13*t**2 - t + 10. Give v(13).
-3
Let u(s) = -s**2 + 2*s - 1. Calculate u(4).
-9
Let u(r) = 2*r**2 - 8*r + 18. What is u(10)?
138
Let k(o) = -o**2 + 3*o - 8. What is k(4)?
-12
Let l(u) = -12*u**2 + u. Give l(-1).
-13
Let w(z) = 2*z**2 - 29*z + 25. Calculate w(15).
40
Let z(p) = 7*p**3 - 97*p**2 - 13*p - 22. Determine z(14).
-8
Let m(g) = g**3 + 3*g**2 - g + 2. Give m(-3).
5
Let u(v) = v**3 - 6*v**2 - 3. Give u(6).
-3
Let i(k) = -3*k**2 - 3*k + 12. What is i(3)?
-24
Let g(k) = k**2 - 6*k - 204. Give g(18).
12
Let t(o) = o + 11. Determine t(-9).
2
Let d(w) = -w**3 + 2*w**2 + 5*w. Calculate d(3).
6
Let o(n) = n**2 - 18*n + 42. What is o(17)?
25
Let u(p) = -p**2 - 35*p + 33. Calculate u(-36).
-3
Let b(c) = 8*c**2 + 84*c - 39. What is b(-11)?
5
Let f(r) = -4*r - 31. Calculate f(-11).
13
Let g(w) = -w**3 + w**2 + 2*w + 7. Calculate g(0).
7
Let x(k) = 5*k + 10. What is x(-3)?
-5
Let r(u) = -7*u**3 - u**2 - 5*u + 5. Determine r(1).
-8
Let t(z) = -47*z + 4. Determine t(-2).
98
Let f(m) = -5*m - 21. Determine f(7).
-56
Let d(h) = -9*h - 3. Determine d(-5).
42
Let w(h) 